{"id":7627,"date":"2021-08-04T17:37:58","date_gmt":"2021-08-04T17:37:58","guid":{"rendered":"https:\/\/phefestival.es\/?post_type=artistas&#038;p=7627"},"modified":"2022-01-31T11:47:56","modified_gmt":"2022-01-31T11:47:56","slug":"mel-omana","status":"publish","type":"artistas","link":"https:\/\/phefestival.es\/en\/artistas\/mel-omana\/","title":{"rendered":"Mel Omana"},"content":{"rendered":"<p class=\"p1\">After more than a decade touring stages with his particular flow, <strong>Mel Omana<\/strong> presents <strong>#EATPAPAYA<\/strong>, a Latin Rap project that he has been developing in his travels through Cuba, Argentina, Lisbon, Barcelona and the Canary Islands, his native home. His powerful staging of a scenic, cabaret and sensual cut, leaves no one indifferent.<\/p>\n<p class=\"p1\">Selected in the sample of bands <strong><a href=\"https:\/\/lalacore.com\/\">LALA core 020 <\/a><\/strong>in the urban category, brings <strong><a href=\"https:\/\/phefestival.es\/en\/\">Ph 2021<\/a><\/strong> its message of love, freedom and equality, loaded with a vibrant flavor highly influenced by the most danceable Cuban folklore.<\/p>","protected":false},"excerpt":{"rendered":"<p>Pure female empowerment in the form of tropical fruit salad and seasonal Latin melodies, perfect for the summer festival.<\/p>","protected":false},"featured_media":0,"template":"","dia-actuacion":[],"ano-artistas":[235],"class_list":["post-7627","artistas","type-artistas","status-publish","hentry","ano-artistas-235"],"yoast_head":"<!-- This site is optimized with the Yoast SEO plugin v27.6 - https:\/\/yoast.com\/product\/yoast-seo-wordpress\/ -->\n<title>Mel \u00d6mana - Phe Festival 2026 | Cartel | 20 y 21 de agosto<\/title>\n<meta name=\"description\" content=\"Mel \u00d6mana, nueva confirmaci\u00f3n en el cartel de Phe Festival 2021 - Puerto de la Cruz | 20 y 21 de agosto. \u00a1Entradas a la venta!\" \/>\n<meta name=\"robots\" content=\"index, follow, max-snippet:-1, max-image-preview:large, max-video-preview:-1\" \/>\n<link rel=\"canonical\" href=\"https:\/\/phefestival.es\/en\/artistas\/mel-omana\/\" \/>\n<meta property=\"og:locale\" content=\"en_US\" \/>\n<meta property=\"og:type\" content=\"article\" \/>\n<meta property=\"og:title\" content=\"Mel \u00d6mana - Phe Festival 2026 | Cartel | 20 y 21 de agosto\" \/>\n<meta property=\"og:description\" content=\"Mel \u00d6mana, nueva confirmaci\u00f3n en el cartel de Phe Festival 2021 - Puerto de la Cruz | 20 y 21 de agosto. \u00a1Entradas a la venta!\" \/>\n<meta property=\"og:url\" content=\"https:\/\/phefestival.es\/en\/artistas\/mel-omana\/\" \/>\n<meta property=\"og:site_name\" content=\"Phe Festival 2026\" \/>\n<meta property=\"article:publisher\" content=\"https:\/\/www.facebook.com\/festivalphe\/\" \/>\n<meta property=\"article:modified_time\" content=\"2022-01-31T11:47:56+00:00\" \/>\n<meta property=\"og:image\" content=\"https:\/\/phefestival.es\/wp-content\/uploads\/2021\/06\/Captura-de-pantalla-2021-06-15-a-las-21.04.30.png\" \/>\n\t<meta property=\"og:image:width\" content=\"1120\" \/>\n\t<meta property=\"og:image:height\" content=\"1190\" \/>\n\t<meta property=\"og:image:type\" content=\"image\/png\" \/>\n<meta name=\"twitter:card\" content=\"summary_large_image\" \/>\n<meta name=\"twitter:label1\" content=\"Est. reading time\" \/>\n\t<meta name=\"twitter:data1\" content=\"1 minute\" \/>\n<script type=\"application\/ld+json\" class=\"yoast-schema-graph\">{\"@context\":\"https:\\\/\\\/schema.org\",\"@graph\":[{\"@type\":\"WebPage\",\"@id\":\"https:\\\/\\\/phefestival.es\\\/artistas\\\/mel-omana\\\/\",\"url\":\"https:\\\/\\\/phefestival.es\\\/artistas\\\/mel-omana\\\/\",\"name\":\"Mel \u00d6mana - Phe Festival 2026 | Cartel | 20 y 21 de agosto\",\"isPartOf\":{\"@id\":\"https:\\\/\\\/phefestival.es\\\/#website\"},\"datePublished\":\"2021-08-04T17:37:58+00:00\",\"dateModified\":\"2022-01-31T11:47:56+00:00\",\"description\":\"Mel \u00d6mana, nueva confirmaci\u00f3n en el cartel de Phe Festival 2021 - Puerto de la Cruz | 20 y 21 de agosto. \u00a1Entradas a la venta!\",\"breadcrumb\":{\"@id\":\"https:\\\/\\\/phefestival.es\\\/artistas\\\/mel-omana\\\/#breadcrumb\"},\"inLanguage\":\"en-US\",\"potentialAction\":[{\"@type\":\"ReadAction\",\"target\":[\"https:\\\/\\\/phefestival.es\\\/artistas\\\/mel-omana\\\/\"]}]},{\"@type\":\"BreadcrumbList\",\"@id\":\"https:\\\/\\\/phefestival.es\\\/artistas\\\/mel-omana\\\/#breadcrumb\",\"itemListElement\":[{\"@type\":\"ListItem\",\"position\":1,\"name\":\"Portada\",\"item\":\"https:\\\/\\\/phefestival.es\\\/\"},{\"@type\":\"ListItem\",\"position\":2,\"name\":\"Artistas\",\"item\":\"https:\\\/\\\/phefestival.es\\\/artistas\\\/\"},{\"@type\":\"ListItem\",\"position\":3,\"name\":\"Mel \u00d6mana\"}]},{\"@type\":\"WebSite\",\"@id\":\"https:\\\/\\\/phefestival.es\\\/#website\",\"url\":\"https:\\\/\\\/phefestival.es\\\/\",\"name\":\"Phe Festival 2026\",\"description\":\"El festival de m\u00fasica y tendencias que marca el verano en Tenerife - Puerto de la Cruz\",\"publisher\":{\"@id\":\"https:\\\/\\\/phefestival.es\\\/#organization\"},\"potentialAction\":[{\"@type\":\"SearchAction\",\"target\":{\"@type\":\"EntryPoint\",\"urlTemplate\":\"https:\\\/\\\/phefestival.es\\\/?s={search_term_string}\"},\"query-input\":{\"@type\":\"PropertyValueSpecification\",\"valueRequired\":true,\"valueName\":\"search_term_string\"}}],\"inLanguage\":\"en-US\"},{\"@type\":\"Organization\",\"@id\":\"https:\\\/\\\/phefestival.es\\\/#organization\",\"name\":\"Phe Festival\",\"url\":\"https:\\\/\\\/phefestival.es\\\/\",\"logo\":{\"@type\":\"ImageObject\",\"inLanguage\":\"en-US\",\"@id\":\"https:\\\/\\\/phefestival.es\\\/#\\\/schema\\\/logo\\\/image\\\/\",\"url\":\"https:\\\/\\\/phefestival.es\\\/wp-content\\\/uploads\\\/2024\\\/01\\\/foto-perfil-PHE-FESTIVAL_2024.jpg\",\"contentUrl\":\"https:\\\/\\\/phefestival.es\\\/wp-content\\\/uploads\\\/2024\\\/01\\\/foto-perfil-PHE-FESTIVAL_2024.jpg\",\"width\":979,\"height\":978,\"caption\":\"Phe Festival\"},\"image\":{\"@id\":\"https:\\\/\\\/phefestival.es\\\/#\\\/schema\\\/logo\\\/image\\\/\"},\"sameAs\":[\"https:\\\/\\\/www.facebook.com\\\/festivalphe\\\/\",\"https:\\\/\\\/www.instagram.com\\\/phefestival\\\/\",\"https:\\\/\\\/www.youtube.com\\\/channel\\\/UCZSq6WnHBYzHpn_A0fcW7aw\"]}]}<\/script>\n<!-- \/ Yoast SEO plugin. -->","yoast_head_json":{"title":"Mel \u00d6mana - Phe Festival 2026 | Cartel | 20 y 21 de agosto","description":"Mel \u00d6mana, nueva confirmaci\u00f3n en el cartel de Phe Festival 2021 - Puerto de la Cruz | 20 y 21 de agosto. \u00a1Entradas a la venta!","robots":{"index":"index","follow":"follow","max-snippet":"max-snippet:-1","max-image-preview":"max-image-preview:large","max-video-preview":"max-video-preview:-1"},"canonical":"https:\/\/phefestival.es\/en\/artistas\/mel-omana\/","og_locale":"en_US","og_type":"article","og_title":"Mel \u00d6mana - Phe Festival 2026 | Cartel | 20 y 21 de agosto","og_description":"Mel \u00d6mana, nueva confirmaci\u00f3n en el cartel de Phe Festival 2021 - Puerto de la Cruz | 20 y 21 de agosto. \u00a1Entradas a la venta!","og_url":"https:\/\/phefestival.es\/en\/artistas\/mel-omana\/","og_site_name":"Phe Festival 2026","article_publisher":"https:\/\/www.facebook.com\/festivalphe\/","article_modified_time":"2022-01-31T11:47:56+00:00","og_image":[{"width":1120,"height":1190,"url":"https:\/\/phefestival.es\/wp-content\/uploads\/2021\/06\/Captura-de-pantalla-2021-06-15-a-las-21.04.30.png","type":"image\/png"}],"twitter_card":"summary_large_image","twitter_misc":{"Est. reading time":"1 minute"},"schema":{"@context":"https:\/\/schema.org","@graph":[{"@type":"WebPage","@id":"https:\/\/phefestival.es\/artistas\/mel-omana\/","url":"https:\/\/phefestival.es\/artistas\/mel-omana\/","name":"Mel \u00d6mana - Phe Festival 2026 | Cartel | 20 y 21 de agosto","isPartOf":{"@id":"https:\/\/phefestival.es\/#website"},"datePublished":"2021-08-04T17:37:58+00:00","dateModified":"2022-01-31T11:47:56+00:00","description":"Mel \u00d6mana, nueva confirmaci\u00f3n en el cartel de Phe Festival 2021 - Puerto de la Cruz | 20 y 21 de agosto. \u00a1Entradas a la venta!","breadcrumb":{"@id":"https:\/\/phefestival.es\/artistas\/mel-omana\/#breadcrumb"},"inLanguage":"en-US","potentialAction":[{"@type":"ReadAction","target":["https:\/\/phefestival.es\/artistas\/mel-omana\/"]}]},{"@type":"BreadcrumbList","@id":"https:\/\/phefestival.es\/artistas\/mel-omana\/#breadcrumb","itemListElement":[{"@type":"ListItem","position":1,"name":"Portada","item":"https:\/\/phefestival.es\/"},{"@type":"ListItem","position":2,"name":"Artistas","item":"https:\/\/phefestival.es\/artistas\/"},{"@type":"ListItem","position":3,"name":"Mel \u00d6mana"}]},{"@type":"WebSite","@id":"https:\/\/phefestival.es\/#website","url":"https:\/\/phefestival.es\/","name":"Phe Festival 2026","description":"The music and trends festival that marks the summer in Tenerife - Puerto de la Cruz","publisher":{"@id":"https:\/\/phefestival.es\/#organization"},"potentialAction":[{"@type":"SearchAction","target":{"@type":"EntryPoint","urlTemplate":"https:\/\/phefestival.es\/?s={search_term_string}"},"query-input":{"@type":"PropertyValueSpecification","valueRequired":true,"valueName":"search_term_string"}}],"inLanguage":"en-US"},{"@type":"Organization","@id":"https:\/\/phefestival.es\/#organization","name":"Phe Festival","url":"https:\/\/phefestival.es\/","logo":{"@type":"ImageObject","inLanguage":"en-US","@id":"https:\/\/phefestival.es\/#\/schema\/logo\/image\/","url":"https:\/\/phefestival.es\/wp-content\/uploads\/2024\/01\/foto-perfil-PHE-FESTIVAL_2024.jpg","contentUrl":"https:\/\/phefestival.es\/wp-content\/uploads\/2024\/01\/foto-perfil-PHE-FESTIVAL_2024.jpg","width":979,"height":978,"caption":"Phe Festival"},"image":{"@id":"https:\/\/phefestival.es\/#\/schema\/logo\/image\/"},"sameAs":["https:\/\/www.facebook.com\/festivalphe\/","https:\/\/www.instagram.com\/phefestival\/","https:\/\/www.youtube.com\/channel\/UCZSq6WnHBYzHpn_A0fcW7aw"]}]}},"_links":{"self":[{"href":"https:\/\/phefestival.es\/en\/wp-json\/wp\/v2\/artistas\/7627","targetHints":{"allow":["GET"]}}],"collection":[{"href":"https:\/\/phefestival.es\/en\/wp-json\/wp\/v2\/artistas"}],"about":[{"href":"https:\/\/phefestival.es\/en\/wp-json\/wp\/v2\/types\/artistas"}],"version-history":[{"count":5,"href":"https:\/\/phefestival.es\/en\/wp-json\/wp\/v2\/artistas\/7627\/revisions"}],"predecessor-version":[{"id":8952,"href":"https:\/\/phefestival.es\/en\/wp-json\/wp\/v2\/artistas\/7627\/revisions\/8952"}],"wp:attachment":[{"href":"https:\/\/phefestival.es\/en\/wp-json\/wp\/v2\/media?parent=7627"}],"wp:term":[{"taxonomy":"dia-actuacion","embeddable":true,"href":"https:\/\/phefestival.es\/en\/wp-json\/wp\/v2\/dia-actuacion?post=7627"},{"taxonomy":"ano-artistas","embeddable":true,"href":"https:\/\/phefestival.es\/en\/wp-json\/wp\/v2\/ano-artistas?post=7627"}],"curies":[{"name":"WordPress","href":"https:\/\/api.w.org\/{rel}","templated":true}]}}

<!-- This site is optimized with the Yoast SEO plugin v27.6 - https://yoast.com/product/yoast-seo-wordpress/ -->
<title>Mel Ömana - Phe Festival 2026 | Cartel | 20 y 21 de agosto</title>
<meta name="description" content="Mel Ömana, nueva confirmación en el cartel de Phe Festival 2021 - Puerto de la Cruz | 20 y 21 de agosto. ¡Entradas a la venta!" />
<meta name="robots" content="index, follow, max-snippet:-1, max-image-preview:large, max-video-preview:-1" />
<link rel="canonical" href="https://phefestival.es/en/artistas/mel-omana/" />
<meta property="og:locale" content="en_US" />
<meta property="og:type" content="article" />
<meta property="og:title" content="Mel Ömana - Phe Festival 2026 | Cartel | 20 y 21 de agosto" />
<meta property="og:description" content="Mel Ömana, nueva confirmación en el cartel de Phe Festival 2021 - Puerto de la Cruz | 20 y 21 de agosto. ¡Entradas a la venta!" />
<meta property="og:url" content="https://phefestival.es/en/artistas/mel-omana/" />
<meta property="og:site_name" content="Phe Festival 2026" />
<meta property="article:publisher" content="https://www.facebook.com/festivalphe/" />
<meta property="article:modified_time" content="2022-01-31T11:47:56+00:00" />
<meta property="og:image" content="https://phefestival.es/wp-content/uploads/2021/06/Captura-de-pantalla-2021-06-15-a-las-21.04.30.png" />
	<meta property="og:image:width" content="1120" />
	<meta property="og:image:height" content="1190" />
	<meta property="og:image:type" content="image/png" />
<meta name="twitter:card" content="summary_large_image" />
<meta name="twitter:label1" content="Est. reading time" />
	<meta name="twitter:data1" content="1 minute" />
<script type="application/ld+json" class="yoast-schema-graph">{"@context":"https:\/\/schema.org","@graph":[{"@type":"WebPage","@id":"https:\/\/phefestival.es\/artistas\/mel-omana\/","url":"https:\/\/phefestival.es\/artistas\/mel-omana\/","name":"Mel Ömana - Phe Festival 2026 | Cartel | 20 y 21 de agosto","isPartOf":{"@id":"https:\/\/phefestival.es\/#website"},"datePublished":"2021-08-04T17:37:58+00:00","dateModified":"2022-01-31T11:47:56+00:00","description":"Mel Ömana, nueva confirmación en el cartel de Phe Festival 2021 - Puerto de la Cruz | 20 y 21 de agosto. ¡Entradas a la venta!","breadcrumb":{"@id":"https:\/\/phefestival.es\/artistas\/mel-omana\/#breadcrumb"},"inLanguage":"en-US","potentialAction":[{"@type":"ReadAction","target":["https:\/\/phefestival.es\/artistas\/mel-omana\/"]}]},{"@type":"BreadcrumbList","@id":"https:\/\/phefestival.es\/artistas\/mel-omana\/#breadcrumb","itemListElement":[{"@type":"ListItem","position":1,"name":"Portada","item":"https:\/\/phefestival.es\/"},{"@type":"ListItem","position":2,"name":"Artistas","item":"https:\/\/phefestival.es\/artistas\/"},{"@type":"ListItem","position":3,"name":"Mel Ömana"}]},{"@type":"WebSite","@id":"https:\/\/phefestival.es\/#website","url":"https:\/\/phefestival.es\/","name":"Phe Festival 2026","description":"El festival de música y tendencias que marca el verano en Tenerife - Puerto de la Cruz","publisher":{"@id":"https:\/\/phefestival.es\/#organization"},"potentialAction":[{"@type":"SearchAction","target":{"@type":"EntryPoint","urlTemplate":"https:\/\/phefestival.es\/?s={search_term_string}"},"query-input":{"@type":"PropertyValueSpecification","valueRequired":true,"valueName":"search_term_string"}}],"inLanguage":"en-US"},{"@type":"Organization","@id":"https:\/\/phefestival.es\/#organization","name":"Phe Festival","url":"https:\/\/phefestival.es\/","logo":{"@type":"ImageObject","inLanguage":"en-US","@id":"https:\/\/phefestival.es\/#\/schema\/logo\/image\/","url":"https:\/\/phefestival.es\/wp-content\/uploads\/2024\/01\/foto-perfil-PHE-FESTIVAL_2024.jpg","contentUrl":"https:\/\/phefestival.es\/wp-content\/uploads\/2024\/01\/foto-perfil-PHE-FESTIVAL_2024.jpg","width":979,"height":978,"caption":"Phe Festival"},"image":{"@id":"https:\/\/phefestival.es\/#\/schema\/logo\/image\/"},"sameAs":["https:\/\/www.facebook.com\/festivalphe\/","https:\/\/www.instagram.com\/phefestival\/","https:\/\/www.youtube.com\/channel\/UCZSq6WnHBYzHpn_A0fcW7aw"]}]}</script>
<!-- / Yoast SEO plugin. -->

Mel Ömana - Phe Festival 2026 | Cartel | 20 y 21 de agosto

Mel Ömana, nueva confirmación en el cartel de Phe Festival 2021 - Puerto de la Cruz | 20 y 21 de agosto. ¡Entradas a la venta!

Mel Ömana
