{"id":2495,"date":"2017-08-10T16:51:47","date_gmt":"2017-08-10T16:51:47","guid":{"rendered":"http:\/\/phefestival.com\/?post_type=faq&#038;p=2495"},"modified":"2026-08-19T14:35:10","modified_gmt":"2026-08-19T14:35:10","slug":"habra-vasos-reutilizables-funciona-sistema","status":"publish","type":"faq","link":"https:\/\/phefestival.es\/de\/faq\/habra-vasos-reutilizables-funciona-sistema\/","title":{"rendered":"Wird es Mehrwegbecher geben? Wie funktioniert das System? Kann ich mein eigenes Glas mitbringen?"},"content":{"rendered":"<p>Lasst uns nachhaltig sein! Wenn du einen wiederverwendbaren Becher vom Phe Festival oder von einem anderen Festival zu Hause hast, bring ihn mit und wir werden dich an unseren Bars sehr gerne bedienen. Es ist wichtig, dass der Becher die Standardgr\u00f6\u00dfe der Becher hat, die auf dem Festival angeboten werden.<strong> Wir werden keine Glasbecher, Becher mit Deckel oder Materialien akzeptieren, die zerbrechen und gef\u00e4hrlich sein k\u00f6nnen.<\/strong><\/p>\n<p>Und wenn du keinen hast oder ihn vergisst, ist das kein Problem: An den Bars findest du Mehrwegbecher f\u00fcr 1 \u20ac. Gib gut auf ihn achte, am Ende des Festivals hast du die Wahl zwischen:<\/p>\n<p><strong>\u2013 Es als Andenken behalten.<\/strong><\/p>\n<p><strong>\u2013 Zur\u00fcckgeben und deinen Euro zur\u00fcckbekommen.<\/strong><\/p>\n<p><strong>\u2013 Es zur\u00fcckgeben und den Euro f\u00fcr einen wohlt\u00e4tigen Zweck spenden, den wir sp\u00e4ter bekannt geben werden.<\/strong><\/p>\n<p class=\"p1\"><span class=\"s1\">Wenn er schmutzig wird, tauschen wir ihn gegen einen anderen aus, aber wenn er kaputtgeht, nicht, also pass gut auf ihn auf (wir empfehlen dir, ihn f\u00fcr zuk\u00fcnftige Ausgaben aufzuheben).<\/span><\/p>\n<p>&nbsp;<\/p>\n<p class=\"p1\"><span class=\"s1\">Vielen Dank, dass Sie mit uns zur Reduzierung des CO2-Fu\u00dfabdrucks und zum Recycling beitragen.\u00a0<\/span><\/p>","protected":false},"template":"","categorias":[193,196,197],"class_list":["post-2495","faq","type-faq","status-publish","hentry","categorias-informacion","categorias-servicios","categorias-sostenibilidad"],"yoast_head":"<!-- This site is optimized with the Yoast SEO plugin v27.6 - https:\/\/yoast.com\/product\/yoast-seo-wordpress\/ -->\n<title>\u00bfHabr\u00e1 vasos reutilizables? \u00bfC\u00f3mo funciona el sistema? \u00bfPuedo llevar mi propio vaso? - Phe Festival 2026<\/title>\n<meta name=\"robots\" content=\"noindex, follow\" \/>\n<meta property=\"og:locale\" content=\"de_DE\" \/>\n<meta property=\"og:type\" content=\"article\" \/>\n<meta property=\"og:title\" content=\"\u00bfHabr\u00e1 vasos reutilizables? \u00bfC\u00f3mo funciona el sistema? \u00bfPuedo llevar mi propio vaso? - Phe Festival 2026\" \/>\n<meta property=\"og:description\" content=\"\u00a1Seamos sostenibles! Si tienes un vaso reutilizable en casa de Phe Festival o de cualquier otro festival, tr\u00e1etelo y te serviremos con mucho gusto en nuestras barras. Es importante que el vaso tenga la medida est\u00e1ndar de los vasos ofrecidos en el festival. No admitiremos vasos de cristal, vasos con tapa o materiales que puedan [&hellip;]\" \/>\n<meta property=\"og:url\" content=\"https:\/\/phefestival.es\/de\/faq\/habra-vasos-reutilizables-funciona-sistema\/\" \/>\n<meta property=\"og:site_name\" content=\"Phe Festival 2026\" \/>\n<meta property=\"article:publisher\" content=\"https:\/\/www.facebook.com\/festivalphe\/\" \/>\n<meta property=\"article:modified_time\" content=\"2026-08-19T14:35:10+00:00\" \/>\n<meta name=\"twitter:card\" content=\"summary_large_image\" \/>\n<meta name=\"twitter:label1\" content=\"Gesch\u00e4tzte Lesezeit\" \/>\n\t<meta name=\"twitter:data1\" content=\"1\u00a0Minute\" \/>\n<script type=\"application\/ld+json\" class=\"yoast-schema-graph\">{\"@context\":\"https:\\\/\\\/schema.org\",\"@graph\":[{\"@type\":\"WebPage\",\"@id\":\"https:\\\/\\\/phefestival.es\\\/faq\\\/habra-vasos-reutilizables-funciona-sistema\\\/\",\"url\":\"https:\\\/\\\/phefestival.es\\\/faq\\\/habra-vasos-reutilizables-funciona-sistema\\\/\",\"name\":\"\u00bfHabr\u00e1 vasos reutilizables? \u00bfC\u00f3mo funciona el sistema? \u00bfPuedo llevar mi propio vaso? - Phe Festival 2026\",\"isPartOf\":{\"@id\":\"https:\\\/\\\/phefestival.es\\\/#website\"},\"datePublished\":\"2017-08-10T16:51:47+00:00\",\"dateModified\":\"2026-08-19T14:35:10+00:00\",\"breadcrumb\":{\"@id\":\"https:\\\/\\\/phefestival.es\\\/faq\\\/habra-vasos-reutilizables-funciona-sistema\\\/#breadcrumb\"},\"inLanguage\":\"de\",\"potentialAction\":[{\"@type\":\"ReadAction\",\"target\":[\"https:\\\/\\\/phefestival.es\\\/faq\\\/habra-vasos-reutilizables-funciona-sistema\\\/\"]}]},{\"@type\":\"BreadcrumbList\",\"@id\":\"https:\\\/\\\/phefestival.es\\\/faq\\\/habra-vasos-reutilizables-funciona-sistema\\\/#breadcrumb\",\"itemListElement\":[{\"@type\":\"ListItem\",\"position\":1,\"name\":\"Portada\",\"item\":\"https:\\\/\\\/phefestival.es\\\/\"},{\"@type\":\"ListItem\",\"position\":2,\"name\":\"FAQ\",\"item\":\"https:\\\/\\\/phefestival.es\\\/en\\\/faq\\\/\"},{\"@type\":\"ListItem\",\"position\":3,\"name\":\"\u00bfHabr\u00e1 vasos reutilizables? \u00bfC\u00f3mo funciona el sistema? \u00bfPuedo llevar mi propio vaso?\"}]},{\"@type\":\"WebSite\",\"@id\":\"https:\\\/\\\/phefestival.es\\\/#website\",\"url\":\"https:\\\/\\\/phefestival.es\\\/\",\"name\":\"Phe Festival 2026\",\"description\":\"El festival de m\u00fasica y tendencias que marca el verano en Tenerife - Puerto de la Cruz\",\"publisher\":{\"@id\":\"https:\\\/\\\/phefestival.es\\\/#organization\"},\"potentialAction\":[{\"@type\":\"SearchAction\",\"target\":{\"@type\":\"EntryPoint\",\"urlTemplate\":\"https:\\\/\\\/phefestival.es\\\/?s={search_term_string}\"},\"query-input\":{\"@type\":\"PropertyValueSpecification\",\"valueRequired\":true,\"valueName\":\"search_term_string\"}}],\"inLanguage\":\"de\"},{\"@type\":\"Organization\",\"@id\":\"https:\\\/\\\/phefestival.es\\\/#organization\",\"name\":\"Phe Festival\",\"url\":\"https:\\\/\\\/phefestival.es\\\/\",\"logo\":{\"@type\":\"ImageObject\",\"inLanguage\":\"de\",\"@id\":\"https:\\\/\\\/phefestival.es\\\/#\\\/schema\\\/logo\\\/image\\\/\",\"url\":\"https:\\\/\\\/phefestival.es\\\/wp-content\\\/uploads\\\/2024\\\/01\\\/foto-perfil-PHE-FESTIVAL_2024.jpg\",\"contentUrl\":\"https:\\\/\\\/phefestival.es\\\/wp-content\\\/uploads\\\/2024\\\/01\\\/foto-perfil-PHE-FESTIVAL_2024.jpg\",\"width\":979,\"height\":978,\"caption\":\"Phe Festival\"},\"image\":{\"@id\":\"https:\\\/\\\/phefestival.es\\\/#\\\/schema\\\/logo\\\/image\\\/\"},\"sameAs\":[\"https:\\\/\\\/www.facebook.com\\\/festivalphe\\\/\",\"https:\\\/\\\/www.instagram.com\\\/phefestival\\\/\",\"https:\\\/\\\/www.youtube.com\\\/channel\\\/UCZSq6WnHBYzHpn_A0fcW7aw\"]}]}<\/script>\n<!-- \/ Yoast SEO plugin. -->","yoast_head_json":{"title":"\u00bfHabr\u00e1 vasos reutilizables? \u00bfC\u00f3mo funciona el sistema? \u00bfPuedo llevar mi propio vaso? - Phe Festival 2026","robots":{"index":"noindex","follow":"follow"},"og_locale":"de_DE","og_type":"article","og_title":"\u00bfHabr\u00e1 vasos reutilizables? \u00bfC\u00f3mo funciona el sistema? \u00bfPuedo llevar mi propio vaso? - Phe Festival 2026","og_description":"\u00a1Seamos sostenibles! Si tienes un vaso reutilizable en casa de Phe Festival o de cualquier otro festival, tr\u00e1etelo y te serviremos con mucho gusto en nuestras barras. Es importante que el vaso tenga la medida est\u00e1ndar de los vasos ofrecidos en el festival. No admitiremos vasos de cristal, vasos con tapa o materiales que puedan [&hellip;]","og_url":"https:\/\/phefestival.es\/de\/faq\/habra-vasos-reutilizables-funciona-sistema\/","og_site_name":"Phe Festival 2026","article_publisher":"https:\/\/www.facebook.com\/festivalphe\/","article_modified_time":"2026-08-19T14:35:10+00:00","twitter_card":"summary_large_image","twitter_misc":{"Gesch\u00e4tzte Lesezeit":"1\u00a0Minute"},"schema":{"@context":"https:\/\/schema.org","@graph":[{"@type":"WebPage","@id":"https:\/\/phefestival.es\/faq\/habra-vasos-reutilizables-funciona-sistema\/","url":"https:\/\/phefestival.es\/faq\/habra-vasos-reutilizables-funciona-sistema\/","name":"\u00bfHabr\u00e1 vasos reutilizables? \u00bfC\u00f3mo funciona el sistema? \u00bfPuedo llevar mi propio vaso? - Phe Festival 2026","isPartOf":{"@id":"https:\/\/phefestival.es\/#website"},"datePublished":"2017-08-10T16:51:47+00:00","dateModified":"2026-08-19T14:35:10+00:00","breadcrumb":{"@id":"https:\/\/phefestival.es\/faq\/habra-vasos-reutilizables-funciona-sistema\/#breadcrumb"},"inLanguage":"de","potentialAction":[{"@type":"ReadAction","target":["https:\/\/phefestival.es\/faq\/habra-vasos-reutilizables-funciona-sistema\/"]}]},{"@type":"BreadcrumbList","@id":"https:\/\/phefestival.es\/faq\/habra-vasos-reutilizables-funciona-sistema\/#breadcrumb","itemListElement":[{"@type":"ListItem","position":1,"name":"Portada","item":"https:\/\/phefestival.es\/"},{"@type":"ListItem","position":2,"name":"FAQ","item":"https:\/\/phefestival.es\/en\/faq\/"},{"@type":"ListItem","position":3,"name":"\u00bfHabr\u00e1 vasos reutilizables? \u00bfC\u00f3mo funciona el sistema? \u00bfPuedo llevar mi propio vaso?"}]},{"@type":"WebSite","@id":"https:\/\/phefestival.es\/#website","url":"https:\/\/phefestival.es\/","name":"Phe Festival 2026","description":"Das Musik- und Trendfestival, das den Sommer auf Teneriffa \u2013 Puerto de la Cruz markiert","publisher":{"@id":"https:\/\/phefestival.es\/#organization"},"potentialAction":[{"@type":"SearchAction","target":{"@type":"EntryPoint","urlTemplate":"https:\/\/phefestival.es\/?s={search_term_string}"},"query-input":{"@type":"PropertyValueSpecification","valueRequired":true,"valueName":"search_term_string"}}],"inLanguage":"de"},{"@type":"Organization","@id":"https:\/\/phefestival.es\/#organization","name":"Phe-Festival","url":"https:\/\/phefestival.es\/","logo":{"@type":"ImageObject","inLanguage":"de","@id":"https:\/\/phefestival.es\/#\/schema\/logo\/image\/","url":"https:\/\/phefestival.es\/wp-content\/uploads\/2024\/01\/foto-perfil-PHE-FESTIVAL_2024.jpg","contentUrl":"https:\/\/phefestival.es\/wp-content\/uploads\/2024\/01\/foto-perfil-PHE-FESTIVAL_2024.jpg","width":979,"height":978,"caption":"Phe Festival"},"image":{"@id":"https:\/\/phefestival.es\/#\/schema\/logo\/image\/"},"sameAs":["https:\/\/www.facebook.com\/festivalphe\/","https:\/\/www.instagram.com\/phefestival\/","https:\/\/www.youtube.com\/channel\/UCZSq6WnHBYzHpn_A0fcW7aw"]}]}},"_links":{"self":[{"href":"https:\/\/phefestival.es\/de\/wp-json\/wp\/v2\/faq\/2495","targetHints":{"allow":["GET"]}}],"collection":[{"href":"https:\/\/phefestival.es\/de\/wp-json\/wp\/v2\/faq"}],"about":[{"href":"https:\/\/phefestival.es\/de\/wp-json\/wp\/v2\/types\/faq"}],"version-history":[{"count":5,"href":"https:\/\/phefestival.es\/de\/wp-json\/wp\/v2\/faq\/2495\/revisions"}],"predecessor-version":[{"id":23524,"href":"https:\/\/phefestival.es\/de\/wp-json\/wp\/v2\/faq\/2495\/revisions\/23524"}],"wp:attachment":[{"href":"https:\/\/phefestival.es\/de\/wp-json\/wp\/v2\/media?parent=2495"}],"wp:term":[{"taxonomy":"categorias","embeddable":true,"href":"https:\/\/phefestival.es\/de\/wp-json\/wp\/v2\/categorias?post=2495"}],"curies":[{"name":"wp","href":"https:\/\/api.w.org\/{rel}","templated":true}]}}

<p>Lasst uns nachhaltig sein! Wenn du einen wiederverwendbaren Becher vom Phe Festival oder von einem anderen Festival zu Hause hast, bring ihn mit und wir werden dich an unseren Bars sehr gerne bedienen. Es ist wichtig, dass der Becher die Standardgröße der Becher hat, die auf dem Festival angeboten werden.<strong> Wir werden keine Glasbecher, Becher mit Deckel oder Materialien akzeptieren, die zerbrechen und gefährlich sein können.</strong></p>
<p>Und wenn du keinen hast oder ihn vergisst, ist das kein Problem: An den Bars findest du Mehrwegbecher für 1 €. Gib gut auf ihn achte, am Ende des Festivals hast du die Wahl zwischen:</p>
<p><strong>– Es als Andenken behalten.</strong></p>
<p><strong>– Zurückgeben und deinen Euro zurückbekommen.</strong></p>
<p><strong>– Es zurückgeben und den Euro für einen wohltätigen Zweck spenden, den wir später bekannt geben werden.</strong></p>
<p class="p1"><span class="s1">Wenn er schmutzig wird, tauschen wir ihn gegen einen anderen aus, aber wenn er kaputtgeht, nicht, also pass gut auf ihn auf (wir empfehlen dir, ihn für zukünftige Ausgaben aufzuheben).</span></p>
<p>&nbsp;</p>
<p class="p1"><span class="s1">Vielen Dank, dass Sie mit uns zur Reduzierung des CO2-Fußabdrucks und zum Recycling beitragen. </span></p>

<!-- This site is optimized with the Yoast SEO plugin v27.6 - https://yoast.com/product/yoast-seo-wordpress/ -->
<title>¿Habrá vasos reutilizables? ¿Cómo funciona el sistema? ¿Puedo llevar mi propio vaso? - Phe Festival 2026</title>
<meta name="robots" content="noindex, follow" />
<meta property="og:locale" content="de_DE" />
<meta property="og:type" content="article" />
<meta property="og:title" content="¿Habrá vasos reutilizables? ¿Cómo funciona el sistema? ¿Puedo llevar mi propio vaso? - Phe Festival 2026" />
<meta property="og:description" content="¡Seamos sostenibles! Si tienes un vaso reutilizable en casa de Phe Festival o de cualquier otro festival, tráetelo y te serviremos con mucho gusto en nuestras barras. Es importante que el vaso tenga la medida estándar de los vasos ofrecidos en el festival. No admitiremos vasos de cristal, vasos con tapa o materiales que puedan [&hellip;]" />
<meta property="og:url" content="https://phefestival.es/de/faq/habra-vasos-reutilizables-funciona-sistema/" />
<meta property="og:site_name" content="Phe Festival 2026" />
<meta property="article:publisher" content="https://www.facebook.com/festivalphe/" />
<meta property="article:modified_time" content="2026-08-19T14:35:10+00:00" />
<meta name="twitter:card" content="summary_large_image" />
<meta name="twitter:label1" content="Geschätzte Lesezeit" />
	<meta name="twitter:data1" content="1 Minute" />
<script type="application/ld+json" class="yoast-schema-graph">{"@context":"https:\/\/schema.org","@graph":[{"@type":"WebPage","@id":"https:\/\/phefestival.es\/faq\/habra-vasos-reutilizables-funciona-sistema\/","url":"https:\/\/phefestival.es\/faq\/habra-vasos-reutilizables-funciona-sistema\/","name":"¿Habrá vasos reutilizables? ¿Cómo funciona el sistema? ¿Puedo llevar mi propio vaso? - Phe Festival 2026","isPartOf":{"@id":"https:\/\/phefestival.es\/#website"},"datePublished":"2017-08-10T16:51:47+00:00","dateModified":"2026-08-19T14:35:10+00:00","breadcrumb":{"@id":"https:\/\/phefestival.es\/faq\/habra-vasos-reutilizables-funciona-sistema\/#breadcrumb"},"inLanguage":"de","potentialAction":[{"@type":"ReadAction","target":["https:\/\/phefestival.es\/faq\/habra-vasos-reutilizables-funciona-sistema\/"]}]},{"@type":"BreadcrumbList","@id":"https:\/\/phefestival.es\/faq\/habra-vasos-reutilizables-funciona-sistema\/#breadcrumb","itemListElement":[{"@type":"ListItem","position":1,"name":"Portada","item":"https:\/\/phefestival.es\/"},{"@type":"ListItem","position":2,"name":"FAQ","item":"https:\/\/phefestival.es\/en\/faq\/"},{"@type":"ListItem","position":3,"name":"¿Habrá vasos reutilizables? ¿Cómo funciona el sistema? ¿Puedo llevar mi propio vaso?"}]},{"@type":"WebSite","@id":"https:\/\/phefestival.es\/#website","url":"https:\/\/phefestival.es\/","name":"Phe Festival 2026","description":"El festival de música y tendencias que marca el verano en Tenerife - Puerto de la Cruz","publisher":{"@id":"https:\/\/phefestival.es\/#organization"},"potentialAction":[{"@type":"SearchAction","target":{"@type":"EntryPoint","urlTemplate":"https:\/\/phefestival.es\/?s={search_term_string}"},"query-input":{"@type":"PropertyValueSpecification","valueRequired":true,"valueName":"search_term_string"}}],"inLanguage":"de"},{"@type":"Organization","@id":"https:\/\/phefestival.es\/#organization","name":"Phe Festival","url":"https:\/\/phefestival.es\/","logo":{"@type":"ImageObject","inLanguage":"de","@id":"https:\/\/phefestival.es\/#\/schema\/logo\/image\/","url":"https:\/\/phefestival.es\/wp-content\/uploads\/2024\/01\/foto-perfil-PHE-FESTIVAL_2024.jpg","contentUrl":"https:\/\/phefestival.es\/wp-content\/uploads\/2024\/01\/foto-perfil-PHE-FESTIVAL_2024.jpg","width":979,"height":978,"caption":"Phe Festival"},"image":{"@id":"https:\/\/phefestival.es\/#\/schema\/logo\/image\/"},"sameAs":["https:\/\/www.facebook.com\/festivalphe\/","https:\/\/www.instagram.com\/phefestival\/","https:\/\/www.youtube.com\/channel\/UCZSq6WnHBYzHpn_A0fcW7aw"]}]}</script>
<!-- / Yoast SEO plugin. -->

¿Habrá vasos reutilizables? ¿Cómo funciona el sistema? ¿Puedo llevar mi propio vaso? - Phe Festival 2026

¡Seamos sostenibles! Si tienes un vaso reutilizable en casa de Phe Festival o de cualquier otro festival, tráetelo y te serviremos con mucho gusto en nuestras barras. Es importante que el vaso tenga la medida estándar de los vasos ofrecidos en el festival. No admitiremos vasos de cristal, vasos con tapa o materiales que puedan [&hellip;]

¿Habrá vasos reutilizables? ¿Cómo funciona el sistema? ¿Puedo llevar mi propio vaso?
